433 a factor of 1619853?
True
Does 202 divide 1298254?
True
Is 21982 a multiple of 3?
False
Does 587 divide 4858599?
True
Is 19 a factor of 1160440?
False
Is 867043 a multiple of 199?
True
Is 95 a factor of 422878?
False
Does 10 divide 124646?
False
Is 789242 a multiple of 88?
False
Is 1993717 a multiple of 305?
False
Does 34 divide 1359014?
True
Does 4 divide 499857?
False
Is 256 a factor of 4877824?
True
Is 14223137 a multiple of 846?
False
Is 26292 a multiple of 11?
False
Is 435521 a multiple of 421?
False
Does 88 divide 1670152?
True
Is 307766 a multiple of 78?
False
Does 135 divide 691200?
True
Is 810560 a multiple of 17?
True
Is 105264 a multiple of 258?
True
Does 154 divide 368638?
False
Is 109 a factor of 314356?
True
Is 14 a factor of 8307311?
False
Is 102 a factor of 200532?
True
Does 19 divide 616728?
False
Does 28 divide 657025?
False
Does 9 divide 422777?
False
Is 70240 a multiple of 160?
True
Does 16 divide 479664?
True
Is 227367 a multiple of 85?
False
Is 85 a factor of 191004?
False
Is 25004 a multiple of 38?
True
Is 5215564 a multiple of 20?
False
Is 39 a factor of 875628?
True
Does 17 divide 57365?
False
Is 3 a factor of 3640158?
True
Is 4864 a multiple of 8?
True
Is 191 a factor of 3960603?
False
Does 36 divide 600568?
False
Is 2 a factor of 10542?
True
Is 142161 a multiple of 3?
True
Does 14 divide 16996?
True
Does 725 divide 1427262?
False
Is 16440 a multiple of 12?
True
Is 85 a factor of 198985?
True
Is 12 a factor of 13127?
False
Is 1874575 a multiple of 2?
False
Does 1516 divide 201628?
True
Is 583377 a multiple of 78?
False
Is 3 a factor of 62409?
True
Is 318713 a multiple of 21?
False
Is 1385193 a multiple of 223?
False
Is 15 a factor of 263055?
True
Does 248 divide 3426324?
False
Is 1415263 a multiple of 361?
False
Is 544556 a multiple of 31?
False
Is 11 a factor of 11496146?
False
Is 2235102 a multiple of 453?
True
Is 24 a factor of 2197960?
False
Is 12 a factor of 4923708?
True
Is 23 a factor of 996475?
True
Is 13 a factor of 166335?
True
Does 15 divide 17365?
False
Does 162 divide 14151834?
True
Is 3948405 a multiple of 15?
True
Does 17 divide 7271?
False
Is 3490527 a multiple of 159?
True
Is 6199114 a multiple of 12?
False
Is 35 a factor of 237019?
False
Is 2008836 a multiple of 63?
False
Is 4 a factor of 2458007?
False
Is 241204 a multiple of 173?
False
Is 535 a factor of 7242295?
True
Is 745658 a multiple of 21?
False
Is 1309332 a multiple of 110?
False
Is 197544 a multiple of 17?
False
Is 5 a factor of 550767?
False
Does 16 divide 250254?
False
Is 120 a factor of 1198440?
True
Is 1289940 a multiple of 15?
True
Is 4452130 a multiple of 17?
True
Is 827131 a multiple of 14?
False
Is 537 a factor of 934340?
False
Is 175624 a multiple of 254?
False
Is 264 a factor of 2623368?
True
Is 1498109 a multiple of 293?
True
Does 35 divide 493619?
False
Does 840 divide 745080?
True
Is 1164410 a multiple of 265?
True
Is 79 a factor of 290088?
True
Is 4519784 a multiple of 4?
True
Is 58 a factor of 475136?
True
Is 118 a factor of 166745?
False
Is 224814 a multiple of 421?
True
Is 191852 a multiple of 13?
False
Is 169 a factor of 484998?
False
Is 40 a factor of 152360?
True
Does 55 divide 8864515?
True
Is 38 a factor of 14440?
True
Is 157575 a multiple of 13?
False
Is 117 a factor of 6092716?
False
Is 200 a factor of 11097400?
True
Is 46288 a multiple of 22?
True
Does 366 divide 285678?
False
Is 37 a factor of 87654?
False
Does 61 divide 173672?
False
Is 88 a factor of 1241152?
True
Is 464776 a multiple of 13?
True
Is 91 a factor of 3143504?
True
Is 560593 a multiple of 113?
True
Is 1376505 a multiple of 543?
True
Is 303474 a multiple of 9?
False
Is 13 a factor of 192831?
False
Is 563665 a multiple of 58?
False
Is 97170 a multiple of 237?
True
Does 41 divide 2501902?
True
Is 38254 a multiple of 62?
True
Is 61397 a multiple of 13?
False
Does 6 divide 6456480?
True
Is 13 a factor of 268624?
False
Does 393 divide 54038?
False
Is 444 a factor of 1845166?
False
Is 15096 a multiple of 141?
False
Is 40307 a multiple of 21?
False
Does 21 divide 478758?
True
Is 214 a factor of 918379?
False
Is 195 a factor of 2434664?
False
Is 163 a factor of 878722?
False
Is 10 a factor of 33390?
True
Is 223383 a multiple of 57?
True
Is 13019296 a multiple of 786?
False
Does 609 divide 9481891?
False
Does 728 divide 2967328?
True
Does 71 divide 61136?
False
Is 6 a factor of 12426?
True
Is 4 a factor of 10108?
True
Is 29 a factor of 27095715?
True
Is 254 a factor of 163726?
False
Is 636 a factor of 693876?
True
Is 2123974 a multiple of 12?
False
Is 5332315 a multiple of 199?
False
Does 93 divide 4036454?
False
Is 198 a factor of 2397978?
True
Is 27 a factor of 1024515?
True
Does 6 divide 1320070?
False
Does 565 divide 21081214?
False
Is 46 a factor of 24057?
False
Does 419 divide 200701?
True
Is 242498 a multiple of 47?
False
Is 844054 a multiple of 243?
False
Is 51 a factor of 125613?
True
Does 38 divide 607962?
True
Does 10 divide 14671?
False
Does 9 divide 160632?
True
Is 4219500 a multiple of 348?
True
Is 310 a factor of 21080?
True
Is 31 a factor of 16968253?
True
Is 1515439 a multiple of 40?
False
Does 54 divide 11232?
True
Is 351270 a multiple of 15?
True
Is 12797118 a multiple of 21?
False
Does 302 divide 910228?
True
Is 3696968 a multiple of 22?
True
Is 214 a factor of 104374?
False
Is 47 a factor of 278804?
True
Is 21 a factor of 19744?
False
Is 227415 a multiple of 37?
False
Is 65 a factor of 341575?
True
Is 244800 a multiple of 17?
True
Is 455928 a multiple of 484?
True
Is 2803 a multiple of 5?
False
Does 56 divide 468135?
False
Is 200 a factor of 3495600?
True
Is 1138405 a multiple of 549?
False
Is 54465 a multiple of 2?
False
Is 197 a factor of 207638?
True
Does 44 divide 53821?
False
Is 424257 a multiple of 447?
False
Is 21483 a multiple of 231?
True
Is 15195154 a multiple of 377?
False
Is 95650 a multiple of 10?
True
Is 257 a factor of 94811?
False
Is 380 a factor of 1351316?
False
Does 17 divide 17144721?
True
Is 22 a factor of 29043?
False
Is 278845 a multiple of 604?
False
Does 52 divide 188490?
False
Is 102397 a multiple of 214?
False
Is 77003 a multiple of 170?
False
Does 476 divide 830352?
False
Does 27 divide 2159405?
False
Does 28 divide 1115616?
False
Is 203454 a multiple of 30?
False
Is 2 a factor of 64913?
False
Is 716 a factor of 4204352?
True
Does 8 divide 2045366?
False
Does 479 divide 12619255?
True
Is 45 a factor of 317430?
True
Does 23 divide 201278?
False
Is 13245370 a multiple of 16?
False
Is 1757574 a multiple of 18?
True
Does 115 divide 1833411?
False
Is 2871863 a multiple of 32?
False
Is 1259518 a multiple of 26?
True
Does 109 divide 195110?
True
Does 24 divide 13449384?
True
Is 861648 a multiple of 48?
True
Is 14 a factor of 819513?
False
Does 186 divide 778596?
True
Is 98780 a multiple of 22?
True
Is 73940 a multiple of 26?
False
Does 284 divide 560048?
True
Is 262 a factor of 6756980?
True
Is 14 a factor of 111097?
False
Does 9 divide 46523?
False
Is 4673009 a multiple of 373?
False
Is 60 a factor of 18498?
False
Does 88 divide 334136?
True
Is 208060 a multiple of 226?
False
Is 228360 a multiple of 11?
True
Is 68 a factor of 16524?
True
Is 114 a factor of 245344?
False
Is 25 a factor of 723533?
False
Is 68 a factor of 269692?
False
Does 254 divide 3006400?
False
Is 104 a factor of 93392?
True
Is 1028 a factor of 18629416?
True
Is 67 a factor of 1134116?
False
Is 32 a factor of 8706679?
False
Does 224 divide 26215?
False
Is 292 a factor of 19697770?
False
Is 907593 a multiple of 46?
False
Does 3 divide 3290?
False
Is 10 a factor of 509478?
False
Is 249 a factor of 2059479?
True
Is 17 a factor of 434813?
False
Is 20759953 a multiple of 667?
False
Does 41 divide 313270?
False
Is 44 a factor of 1941896?
True
Does 8 divide 4446488?
True
Is 12 a factor of 171037?
False
Is 16 a factor of 1362672?
True
Is 13554 a multiple of 2?
True
Is 489 a factor of 1147701?
False
Does 14 divide 14791952?
True
Does 50 divide 525300?
True
Does 107 divide 40553?
True
Does 144 divide 170432?
False
Is 78 a factor of 983580?
True
Is 1278 a factor of 4048496?
False
Does 35 divide 5668320?
True
Does 134 divide 686482?
True
Does 115 divide 5060612?
False
Does 10 divide 31310?
True
Is 2746687 a multiple of 19?
False
Is 32 a factor of 5253?